 is the tens digit of f(r)?
1
Let v(k) = k**3 + 5*k**2 - 5*k + 8. Let l be -1*(2 - -1)*2. What is the units digit of v(l)?
2
Let g = -7 + 6. Let d(u) = -20*u**3 + 1. What is the units digit of d(g)?
1
What is the units digit of -3 - (-3 + -5 + -52)?
7
Suppose 0 = -5*k + 329 + 51. Suppose -4*r - c + 3*c + k = 0, 2*c - 95 = -5*r. What is the tens digit of r?
1
Let r = 18 - -38. Suppose -3*y + 29 = -2*x - 36, 2*y + 5*x = r. What is the units digit of y?
3
Suppose 15 + 1 = 4*j. Let w be (0 - 0) + j + -2. Suppose -6*u + 36 = -w*u. What is the units digit of u?
9
What is the tens digit of -33*((-4)/3)/1?
4
Suppose -4*s + d = -3*s - 3, -5*s + 4*d + 20 = 0. Let q be -1 + s + 1 + 2. Suppose -3*o - 2 = v - 25, 5*o = q. What is the tens digit of v?
1
Suppose -13*y = -25*y + 1848. What is the hundreds digit of y?
1
Suppose 0*h = -4*q - h + 27, 0 = -3*q - 4*h + 17. What is the units digit of q?
7
Let v = 36 + -6. Let h = v - -8. What is the tens digit of h?
3
Let i(v) = v**3 - v**2 + v + 3. Let u be i(0). Suppose 2*j = 4*w - 16, w - u*w + 18 = 4*j. Suppose 5 = j*d - 1. What is the units digit of d?
3
Suppose -2 = -5*n + 63. Let x = n + 27. What is the tens digit of x?
4
Suppose 0 = 4*v - 138 + 50. Suppose -v = -3*x + 68. What is the units digit of x?
0
Let j(z) = 2*z - 3. Let r(c) = 9*c - 1. Let u(a) = a. Let o(l) = r(l) - 5*u(l). Let q be o(1). What is the units digit of j(q)?
3
Let n(a) = -a**3 - 7*a**2 + 13*a - 1. What is the units digit of n(-9)?
4
Let x(k) = -3*k + 11. Let y = 6 + -11. What is the tens digit of x(y)?
2
Suppose c = -2*m + 30, 0*c + 5*m = -3*c + 93. Let d be (c/15)/((-2)/(-10)). Suppose 0 = 2*i - 4*y - d, 0 = -0*i - i - y. What is the units digit of i?
2
Suppose -4 = -4*m, 4*j + 2*m = 127 + 7. What is the units digit of j?
3
Let r(o) = 7*o + 73. What is the tens digit of r(-8)?
1
Let o(h) = h**3 - h**2 - h + 36. What is the tens digit of o(0)?
3
Let f = -46 + 249. What is the tens digit of f?
0
Suppose -5*z + 43 - 8 = 0. What is the units digit of z?
7
Let d = -52 - -86. What is the tens digit of d?
3
Suppose -z + 4*z = 27. What is the units digit of z?
9
Let k be (0 - 3) + 28/4. Suppose 4*w - 16 = k*b, 13 = -3*w + 4*w + 2*b. Let n = -3 + w. What is the units digit of n?
4
Suppose -3*y + 12 = -2*y. Let f be 3/y + 126/8. Let g = f + -8. What is the units digit of g?
8
Suppose -7*y + 3*y = 68. Let q = 2 + y. What is the tens digit of ((-55)/q)/(1/6)?
2
Let j(v) = 7*v**2 + 2*v + 1. What is the units digit of j(-1)?
6
Let w be 2 + 2 - 0/(-2). Suppose w*d + 2*f = f - 2, 4*f = -3*d + 5. Let s = d - -7. What is the units digit of s?
6
Let x(h) = -h**3 - 8*h**2 + 7*h - 10. Let l(w) = 9*w**2 - 5 + w**3 - 8*w + 11 + 5. Let q(z) = 2*l(z) + 3*x(z). What is the units digit of q(-7)?
6
Suppose 5*i + 503 = 2*s, -4*s + 1045 - 81 = 4*i. What is the units digit of s?
4
Let p(g) = 3*g + 6. Let j be p(-5). What is the tens digit of -1 - (-3)/(j/(-174))?
5
What is the tens digit of (33/(-44))/(2/(-48))?
1
Let m(y) = 27*y - 17. What is the tens digit of m(5)?
1
Suppose c - 254 = -c. What is the tens digit of c?
2
Let x(n) be the first derivative of -n**3/3 - 5*n**2/2 + 8*n - 4. Let f be x(-6). Suppose -3*i + 9 = -f*i. What is the units digit of i?
9
Suppose -5*u + 18 + 7 = 0. Suppose u*z + 3*o = 4*o + 205, z - 5*o = 17. Suppose -3*b - z = -6*b. What is the units digit of b?
4
Let s(w) = 39*w - 16. What is the hundreds digit of s(3)?
1
Let j be 12 + 0 + (7 - 9). Suppose 10 = 2*l - j. What is the units digit of l?
0
Suppose -14*k + 16*k = 312. What is the units digit of k?
6
Let g = -7 - 1. Let m = -11 - g. Let y(s) = 2*s**2 + 4*s + 3. What is the units digit of y(m)?
9
Let n(x) = -7*x + 2. Let b be n(-3). Suppose -4*w + 65 = -3*d, d = -5*w - b + 109. What is the units digit of w?
7
Suppose 4*t = t + 123. What is the units digit of t?
1
Suppose 111 = 5*f - 459. Suppose -f = -2*y - y. Suppose 2*d = 4*n - 42, -4*n + 0*d - 2*d = -y. What is the tens digit of n?
1
Let d(p) = -33*p**3 - p**2 + p. Let o be d(1). Let m = -23 - o. What is the units digit of m?
0
Let j(n) = n**2 - 7*n + 9. Let m be j(6). Suppose m*s = -2*s + 20. What is the units digit of s?
4
Let i = -5 + 14. What is the units digit of i?
9
Let b = 5 - 4. Suppose 10 - b = n. Suppose 31 = 4*l - n. What is the units digit of l?
0
Let x(d) = -d - 2. Let g be x(-6). Suppose 4*a - 48 = a. What is the tens digit of a/6*15/g?
1
Suppose 0*r + 2*r + h = -212, 0 = -3*r - 3*h - 321. What is the units digit of (-1)/(1*3/r)?
5
Suppose -2*w = -4*g + 144, 6*g - 3*g - 2*w - 109 = 0. Suppose 6*o - g = o. What is the units digit of o?
7
Let z be 1/(-3) + 15/(-9). What is the tens digit of 15 - ((-3)/1 - z)?
1
Suppose 5*a = -c + 26, 5*c + 8 = 4*a - 7. Suppose k = a*k + 16. What is the units digit of (-12)/(-8)*k/(-6)?
1
What is the hundreds digit of (-812)/20*(-6 - -1)?
2
Let n(h) = -h - 4. Let t be n(-6). Let m = 1 - t. What is the units digit of (2/4)/(m/(-14))?
7
Suppose -s = 5*l - 1651, l - s - 152 - 177 = 0. What is the units digit of l?
0
Let r(a) = -a**3 + 4*a**2 + 3*a - 2. Let u be 16/10*(-10)/(-4). What is the units digit of r(u)?
0
Let s(m) = 3*m - 1. Let w be s(1). Suppose -w*p = -7 - 3. Suppose -p*b = -36 - 44. What is the units digit of b?
6
Let i(x) = x**2 + 5*x - 10. What is the tens digit of i(11)?
6
Let v(r) = -2*r + 15. What is the units digit of v(7)?
1
Let o = 9 - 9. Suppose o*u = -3*u + 48. What is the tens digit of u?
1
Let r(p) = 24*p + 4. Let g be r(4). Suppose 4*x + 4*k = g, 2*x + 75 = 5*x - 5*k. What is the units digit of x?
5
Suppose 19 = 3*n + 4. Suppose -4*l - 5*y + 3*y + 4 = 0, n*l = 3*y + 16. Suppose j - l*r = 8, j + 3*r = -r + 26. What is the tens digit of j?
1
Let q = -16 - -70. What is the tens digit of q?
5
What is the units digit of 761/5 + (-17)/85?
2
Suppose 2*t + 0*t - 30 = 0. What is the tens digit of t?
1
Suppose 5*j - 291 = k, j - 3*k = 2*k + 63. Suppose y = o + 17, y - 2*o = -3*y + j. What is the units digit of y?
2
Let g = 29 + -15. Let s = 19 - g. What is the units digit of s?
5
Let i = 212 + -104. What is the tens digit of i?
0
Suppose -3*s + 10 = -s + x, 0 = -2*s - 5*x + 26. Suppose s*w = 38 + 4. Suppose 5*o - 19 = o + 3*b, w = -o - 3*b. What is the units digit of o?
1
What is the hundreds digit of (-2421 + 0)/3*(-5)/15?
2
Let n(t) = 3*t - 1. Let f be n(-1). Let p(h) = -3*h + 20. Let g be p(6). What is the units digit of g*(3 - 14/f)?
3
Let i be 3/6*6 + -2. Let w be (i - 2)*(-2)/2. What is the units digit of (-4 - (3 - w))/(-2)?
3
What is the tens digit of 25 + 3 + 3 + 3?
3
Let p = 343 - -35. What is the units digit of p?
8
Let s(a) = a + 6. Suppose 0 = y + 5 - 2. What is the units digit of s(y)?
3
Let w(i) be the third derivative of -i**4/3 - 7*i**3/6 - 2*i**2. Let t be w(-6). Suppose 32 = 4*l + 4*y, -3*l - y = l - t. What is the tens digit of l?
1
Let n(y) = -2*y**2 - 12*y + 5. Let h be n(-6). What is the tens digit of ((-87)/15)/((-1)/h)?
2
Suppose -2*b + 52 = 2*b. Suppose -4*y + 5*x - 55 + 15 = 0, -5*y = 3*x + b. Let t = y + 11. What is the units digit of t?
6
What is the units digit of ((-5)/10)/((-1)/226)?
3
Let v(u) = 3*u + 4. Let j(l) = -2*l - 4. Let w(p) = 2*j(p) + 3*v(p). Let k be w(3). Suppose -1 = -4*n + k. What is the units digit of n?
5
Suppose 0 = -2*h - 6, 0*x - x + 5*h = -18. Suppose -x*l = 2*l. Let o = l + 1. What is the units digit of o?
1
Suppose 0 = -5*i - 7*i + 1968. What is the units digit of i?
4
Let d(c) = -c**3 + 3*c**2 - 2*c. Let z be d(3). Let w = -4 - z. Let g = w + -1. What is the units digit of g?
1
Let v = -32 - -17. Let o = v + 24. What is the units digit of 1*(-4)/(-6)*o?
6
Suppose 7*d - 112 = 14. What is the tens digit of d?
1
Let x = -43 - -99. What is the tens digit of x?
5
Let i(g) be the first derivative of -g**4/4 - g**3/3 + g**2/2 + g + 1. Let f be i(-2). Suppose -2*w + f*w = 1. What is the units digit of w?
1
Let i = 1 - -1. What is the tens digit of 0 - (-15 + -2 + i)?
1
Let z(q) = -12*q + 1. What is the tens digit of z(-6)?
7
Suppose -5*q = -4*q + 3. Let x = q + 15. What is the tens digit of x?
1
Let r(x) = -x**2 - 4*x + 7. Let g be r(-5). Suppose 4 + 6 = g*c. What is the units digit of c?
5
Let u(v) = v**3 + 2*v - 1. Let w be u(1). Let j = -1 + w. What is the units digit of j?
1
Suppose -2*g - 11 = 3*r - 3*g, 0 = -3*r + 4*g 